 o be (8/(-4))/(1 + -2). Let z = -1 + o. What is the units digit of z?
1
Suppose q - 5*q = -8. What is the units digit of q?
2
Let l(n) = n + 6. Let o be l(-6). Let s be 0 + 0 - (-3 + o). Let k = 1 + s. What is the units digit of k?
4
Suppose -5*x = -3*v + 663, -2*v + x - 229 = -3*v. What is the tens digit of v/10 - 2/(-5)?
2
Let q = 7 - 6. Let p be (0 + (-2)/(-2))*-1. Let o = q - p. What is the units digit of o?
2
Suppose -20 - 50 = 5*d. What is the tens digit of 2/4 - 189/d?
1
Let f = 96 + 32. What is the units digit of f?
8
Let g be (-48)/(-27) + 4/18. Suppose 5*u + n = 63, 0 = -g*u - 6*n + 2*n + 18. What is the units digit of u?
3
Suppose -3*s - 9 = 2*p - 146, 3*s + 283 = 4*p. Suppose f = -4*f + 5*w - p, 3*f = -3*w - 36. What is the units digit of (-180)/(-13) + (-2)/f?
4
Let h(a) = 3*a**3 + 5*a**2 - a + 1. Let p(l) = -3*l**3 - 4*l**2 + l - 1. Let z(q) = -3*h(q) - 4*p(q). What is the units digit of z(1)?
4
Let o(t) = -5*t. Let c be o(-1). Suppose -j + 10 = 5*g, -3*g = -0*g - c*j - 6. Suppose 6 = g*w + 4. What is the units digit of w?
1
Let n = 77 - 55. What is the units digit of 4/(-6) - n/(-6)?
3
What is the hundreds digit of 162/((-15)/(-6) + (2 - 3))?
1
Let s(h) = -h**3 - 7*h**2 - 4*h - 10. What is the tens digit of s(-7)?
1
Let k be (21/(-28))/(1/(-4)). Suppose 5*m = -n + 14, -2*m = 3*n - 4*n. Suppose 2*f = 2*x - 2, n*x - 7 = k*f + 1. What is the units digit of f?
4
Let w = 32 + -26. What is the units digit of w?
6
Let b(m) = 11*m. Let a be b(5). Suppose 0 = -5*p - a + 5. Let t = p + 18. What is the units digit of t?
8
Let q(s) = -s**3 + 10*s**2 - 10. Let r be q(10). Let x = 7 - r. What is the tens digit of x?
1
Suppose 219 = 7*r - 4*r. What is the tens digit of r?
7
Let s = 9 + 29. What is the units digit of s?
8
Let a = -7 - -11. Suppose -a*f + 18 + 2 = 0. Let c = f - 0. What is the units digit of c?
5
Let p(w) = 4*w - 3. Let x(s) = 4*s - 3. Let a(m) = -2*p(m) + 3*x(m). What is the units digit of a(3)?
9
Let i = -5 + 6. Let j = i + 1. Suppose -2*m + 7 = -v - 14, -j*m + 27 = -3*v. What is the units digit of m?
9
Let w be (-4)/12 - 16/6. Let k be (-4 - w)/((-3)/(-6)). What is the units digit of 34/(k + (-12)/(-3))?
7
Let f = 21 + -15. Let q = 0 + f. What is the units digit of q?
6
Suppose -2*p + i = -68, 2*p - 2*i - 37 = p. What is the tens digit of p?
3
Let q = 14 - 8. Suppose 2*r - q = 4. What is the units digit of (r + 1)*1 - -2?
8
Let x(t) = -8*t - 5. Let v(p) = -8*p - 5. Let q(r) = 3*v(r) - 4*x(r). Let d(g) = -9*g - 6. Let k(b) = 6*d(b) + 7*q(b). What is the tens digit of k(6)?
1
Suppose 0 = 3*c - 8*c. Suppose -3 - 1 = -3*p + z, c = 4*z - 8. What is the tens digit of 15 - 0/(-1) - p?
1
Suppose 0 = -5*u + 2*u + 4*p - 21, u = 5*p - 7. Let h = u - -12. What is the units digit of h?
5
Let n(s) = -s**3 - 5*s**2 + 5*s + 5. Let a be n(-6). Let t = -7 + a. Suppose -x + 15 = -0*x + 3*h, -t*x = -4*h - 28. What is the units digit of x?
9
Let z = -19 + 37. Suppose 3*n = z + 39. What is the units digit of n?
9
Let d be 193/(-3) - 3/(-9). Let s = 38 + d. What is the units digit of (9/6)/((-3)/s)?
3
Let l be -2*1 + 6/3. Suppose 2*r + 0*r - 14 = l. What is the units digit of r?
7
Let x(z) = -z**3 - 5*z**2 + 3*z - 10. Suppose -6 = 4*n - 3*n. What is the units digit of x(n)?
8
Suppose 3*p - 108 = -4*a - 2*p, 0 = 3*a + 3*p - 78. What is the units digit of a?
2
Suppose 0 = o - 2*q - 22, o + 40 = 2*o + 4*q. Suppose -4*j + 12 = -0*j. Suppose -o = -j*y - y. What is the units digit of y?
7
Let n(j) = -j**3 - 6*j**2 - 8*j - 4. Let w be n(-5). Suppose -5*s = -0*s + 2*y - w, -s - 5*y = 7. What is the units digit of s?
3
Let r be (1 - (-2 + 3)) + 0. Let f be -3*((0 - r) + 1). Let q = f + 4. What is the units digit of q?
1
Suppose -t - 4*n + 107 = -184, -915 = -3*t + 2*n. What is the tens digit of t?
0
Let d be -4*2*(-2)/8. Let m be (-15)/(-5) + 2*1. Suppose -o - 2*h = -d - 14, m = h. What is the units digit of o?
6
Let d = 38 - -28. What is the units digit of d?
6
Suppose 0*p = 3*p - 540. What is the tens digit of p?
8
Let k = 17 + -26. What is the tens digit of 29 - 2/((-6)/k)?
2
Suppose -2*m = 2*a - m + 2, 4 = -3*a - m. Let c be ((-2)/3)/(a/3). What is the units digit of (-1 - -2) + c - -1?
3
What is the tens digit of (0 - 26)/((-1)/4) - -2?
0
Suppose -4*g + 5*g - u - 10 = 0, -g = u - 2. Let n be 2*1 + g/2. Let c = 18 - n. What is the tens digit of c?
1
Let q(l) = 3*l**2 + 17*l + 9. What is the units digit of q(-8)?
5
Suppose -6*m = -4*m - 6. Suppose 2*l - 38 = -2*l + h, -15 = -l + m*h. What is the units digit of l?
9
Let q = -201 + 310. What is the tens digit of q?
0
Let b be 2 - ((-4)/(-2) + -2). Suppose 4*a = -2*g + 88, -g = -4*g - b*a + 112. What is the tens digit of g?
3
Let k be (-3)/6*12/2. Let x(b) = -b**3 - 7*b**2 - 6*b - 5. Let a be x(-6). What is the units digit of (2 - k)*(-6)/a?
6
Suppose 2*b = 5*b - 111. What is the tens digit of b?
3
Let u(i) = -5*i**3 + 2*i - 1. Let p be u(1). Let x be 4/((-3)/(6/p)). What is the units digit of (1 - 0)*x + 3?
5
Let a(w) = 7*w**2 - 4*w - 2. What is the units digit of a(3)?
9
Suppose -5*z = 0, 4*i + i - 15 = -5*z. Suppose -3*o = 4*x - 58, i*x = -3*o + 7*x + 26. What is the units digit of o?
4
Suppose 2*w - 9*w = -518. What is the tens digit of w?
7
Let b be (0 - 0/(-3))/(-2). Suppose 0 = -x - b*x + 1. What is the units digit of x?
1
Let y(s) = -3*s**2 - 1. Let d be y(-1). Let r be 1/2*d/1. What is the units digit of ((-9)/(-12))/(r/(-16))?
6
Let n = -3 + 4. Let b(f) = 11*f**3 - f**2. Let x be b(n). Suppose -a + 5*r = -11 - 3, 3*r = a - x. What is the units digit of a?
4
What is the tens digit of 224/(-6)*(-5)/(60/54)?
6
Suppose j + 2*k + 6 = -2*k, 2*k = -3*j + 22. Suppose -o = 4*b - 73, -5*b + j*b - 4*o - 107 = 0. What is the units digit of b?
9
Let a = 58 + -27. What is the tens digit of a?
3
Suppose -2*l - 3*d = -0*d - 488, 0 = 5*l - 5*d - 1195. What is the units digit of l?
1
What is the units digit of (-4 - 0)/(16/(-24))?
6
Suppose -4*p = -h - 2, -3*h - p + 32 = -1. Let w(c) = -c**3 + 9*c**2 + 11*c - 2. What is the units digit of w(h)?
8
Suppose -8*r + 264 = -4*r. What is the tens digit of r?
6
Let h(t) = t**2 + 6*t + 5. Suppose 2*r = 7*r + 30. What is the units digit of h(r)?
5
Suppose 0 = -5*y - 20 + 45. Suppose -y*u + 6 = -2*s - 0, -5*s + 6 = -2*u. What is the units digit of (8/1)/(s/2)?
8
Suppose -p + 4*u = 8, 4 - 2 = 2*p - 2*u. Suppose 0*l + p*l - 88 = 0. What is the tens digit of l?
2
What is the units digit of (214 - (2 + -2)) + 44/22?
6
Let u be (-10)/3*(-54)/36. Suppose p - 44 = -u*b, 8 = -p + 3*p. What is the units digit of b?
8
Let l be (-48)/36*66/(-4). Suppose -4 = -3*p + 5. Suppose p*b - l = -4*d, -4*b = 2*d - 45 + 9. What is the units digit of b?
0
Let p be -3*((-9)/3)/3. Suppose x - p*k - 2 = k, 3*x + 2*k - 76 = 0. Suppose -4*n - n = -4*j + x, -n - 30 = -4*j. What is the units digit of j?
8
Let i(t) = -t**2 - 9*t + 13. Suppose -c + 3*n = -6*c - 65, -15 = -c + 5*n. Let x be i(c). Suppose q - x = 10. What is the units digit of q?
3
Let j = -11 - -15. Suppose 0 = j*t - t - 48. What is the units digit of t?
6
Suppose 4*d = 7*d - 15. What is the units digit of d?
5
Suppose 5*m - 230 = 270. What is the tens digit of m?
0
Let y(l) = -4*l + 95. Let h(r) = -3*r + 63. Let w(t) = -7*h(t) + 5*y(t). What is the tens digit of w(0)?
3
Suppose -976 = -19*k + 5275. What is the units digit of k?
9
Suppose -x = 5*s - 3*x, -5*s = -x + 5. What is the units digit of s/(0 + 1/(-5))?
0
Let u be ((-2)/(-5))/(2/5). Let j(m) = 8*m**3 - 1. What is the units digit of j(u)?
7
Let k(d) = d**3 - d**2 + d - 3. What is the units digit of k(2)?
3
Let c(a) = a**3 - 12*a**2 - 13*a + 17. What is the tens digit of c(13)?
1
Suppose -5*s = 5*p - 400, s - 330 = -5*p + 54. Suppose -4*t + 55 = 3*x, -t - 3*t = -4*x - p. What is the tens digit of t?
1
Suppose -f + 19 + 10 = 0. What is the units digit of f?
9
Let c(h) = 20*h**3 + h**2. What is the units digit of c(1)?
1
Suppose 179 - 744 = -5*r. What is the hundreds digit of r?
1
Let k = -4 + 4. What is the units digit of 2 - k - (-7 + 1)?
8
Let b = 169 + -99. What is the units digit of b?
0
Let c(i) = -i**2 + 4*i. Let l be c(4). Suppose 3*w - 2*t - 87 = -0*w, 3*w + 4*t - 69 = l. What is the units digit of w?
7
Let j = -50 - -70. Suppose -3*a + 2*v + 25 = 0, v = 5*v + j. What is t